21
Let p(i) = -i**2 + 9*i + 32. Give p(11).
10
Let m(q) = q - 17. Determine m(4).
-13
Let w(z) = 4*z**2 + 28*z + 23. Give w(-11).
199
Let i(h) = h**3 - 5*h**2 + h + 4. Calculate i(5).
9
Let z(i) = -2*i**2 + 17*i - 23. Determine z(7).
-2
Let o(i) = i**2 - 6*i - 10. What is o(12)?
62
Let a(z) = 3*z - 15. Calculate a(0).
-15
Let c(j) = 9*j + 14. Determine c(-5).
-31
Let r(h) = h**3 - 12*h**2 + h - 14. Determine r(12).
-2
Let x(w) = w**3 - 13*w**2 - 33*w + 1. What is x(15)?
-44
Let n(j) = -j**2 + 8*j - 11. Give n(3).
4
Let o(h) = -h**3 - 22*h**2 - 11*h - 33. What is o(-22)?
209
Let c(s) = -2*s**3 + 32*s**2 - 2*s + 30. What is c(16)?
-2
Let o(t) = t - 2. What is o(-4)?
-6
Let r(k) = -4*k - 29. Determine r(-14).
27
Let q(g) = g**3 - 11*g**2 + 15*g + 13. Calculate q(8).
-59
Let o(b) = -b**2 - 35*b + 147. Calculate o(-39).
-9
Let c(x) = -x**3 + 4*x**2 - 5*x - 3. Determine c(4).
-23
Let k(z) = -29*z. What is k(-3)?
87
Let j(v) = -v**2 - v + 45. What is j(0)?
45
Let y(n) = -n**3 - 14*n**2 - 15*n - 16. What is y(-13)?
10
Let q(p) = 2*p**2 + 4. Give q(3).
22
Let s(p) = -p**2 - 36*p - 75. Determine s(-34).
-7
Let l(x) = -2*x + 45. Calculate l(21).
3
Let v(y) = y**2 - 3*y + 11. Calculate v(5).
21
Let w(f) = -f**2 - 12*f - 1. Determine w(7).
-134
Let j(v) = -5*v - 48. What is j(-9)?
-3
Let r(d) = d - 41. Determine r(7).
-34
Let q(h) = 34*h - 3. What is q(1)?
31
Let m(f) = f**3 + f**2 - f + 9. Give m(0).
9
Let t(a) = a**2 + 12*a - 3. Calculate t(-13).
10
Let i(o) = o**2 + 14*o - 29. Calculate i(-16).
3
Let v(c) = 6*c + 110. Give v(-21).
-16
Let a(p) = p**3 - 4*p**2 + p - 1. Calculate a(3).
-7
Let v(k) = 59*k**3 - 3*k - 4. Determine v(-1).
-60
Let p(f) = -f**3 - 5*f**2 + 4*f - 1. What is p(-6)?
11
Let m(w) = w**2 - 3*w - 7. What is m(-4)?
21
Let n(b) = -2*b + 5. Calculate n(-4).
13
Let r(i) = 13*i + 2. Determine r(1).
15
Let n(m) = -7*m - 122. Determine n(-19).
11
Let u(n) = 2*n - 11. Determine u(8).
5
Let n(p) = p**3 + 3*p**2 - 7*p - 16. Determine n(-4).
-4
Let k(q) = -9*q - 16. Determine k(1).
-25
Let w(x) = -x**2 - 6*x + 31. Calculate w(6).
-41
Let z(j) = j**3 + 5*j**2 - 14*j + 21. Calculate z(-7).
21
Let b(a) = -37*a + 254. Give b(7).
-5
Let t(r) = r**2 + 10*r + 8. Calculate t(-9).
-1
Let q(u) = -u**3 - 7*u**2 - 10*u + 5. Give q(-5).
5
Let z(m) = 5*m - 12. Determine z(8).
28
Let j(l) = -l**3 + 12*l**2 - 19*l - 6. Determine j(10).
4
Let n(c) = 9*c. Give n(-2).
-18
Let c(b) = -b - 19. Calculate c(-10).
-9
Let s(r) = 14*r + 3. What is s(-2)?
-25
Let f(o) = -25*o**2 - o - 1. What is f(-1)?
-25
Let b(h) = h**2 + 16*h + 44. What is b(-9)?
-19
Let u(w) = w**2 + 16*w - 377. What is u(13)?
0
Let n(i) = -8*i + 88. Determine n(10).
8
Let o(k) = 3*k - 12. Determine o(6).
6
Let l(w) = -3*w - 52. What is l(-17)?
-1
Let s(f) = f**3 + 10*f**2 - 11*f + 4. Calculate s(-11).
4
Let z(v) = -2*v**2 - 4*v + 4. What is z(-4)?
-12
Let v(u) = u**2 + 11*u - 4. Calculate v(-11).
-4
Let p(t) = t**3 + 10*t**2 - t + 5. Give p(-10).
15
Let u(s) = -4*s + 91. Calculate u(10).
51
Let i(q) = -2*q**3 - 9*q**2 + 5*q - 2. What is i(-7)?
208
Let l(g) = g**3 + 10*g**2 + 12*g - 22. Determine l(-9).
-49
Let s(o) = -17*o + 15. Calculate s(4).
-53
Let j(a) = -a + 10. What is j(6)?
4
Let p(g) = -g**2 + g - 3. Give p(0).
-3
Let t(d) = -d + 31. What is t(22)?
9
Let r(s) = 4*s - 4. Give r(6).
20
Let u(a) = a**3 - 5*a**2 + 8*a - 8. What is u(3)?
-2
Let s(h) = h**2 + 17*h + 20. What is s(-15)?
-10
Let u(r) = -6*r + 8. What is u(2)?
-4
Let k(f) = -2*f - 4. Calculate k(-3).
2
Let x(c) = -c**3 + 29*c**2 - 50*c - 47. Determine x(27).
61
Let g(s) = s**3 + 6*s**2 - 2. Calculate g(-5).
23
Let r(c) = c - 25. Give r(26).
1
Let y(s) = s**2 - 17*s. Determine y(19).
38
Let w(u) = -u**2 - 18*u - 30. Calculate w(-16).
2
Let r(p) = 5*p**2 - 5*p - 3. Determine r(3).
27
Let r(m) = -3*m**3 - 138*m**2 + m + 12. Determine r(-46).
-34
Let c(i) = 3*i + 37. Give c(-9).
10
Let f(j) = -23*j - 39. What is f(-6)?
99
Let n(a) = -a - 14. Give n(-7).
-7
Let q(r) = 3*r**2 + 25*r - 16. What is q(-9)?
2
Let d(f) = -2*f**2 - 18*f - 19. Calculate d(-6).
17
Let o(p) = 9*p**2 - 2*p - 2. What is o(-3)?
85
Let k(m) = 19*m - 662. Determine k(35).
3
Let p(m) = -m**2 - 11*m. What is p(-6)?
30
Let n(p) = 3*p - 2. Calculate n(2).
4
Let i(r) = 4*r + 110. Calculate i(-28).
-2
Let t(m) = -2*m - 20. What is t(-8)?
-4
Let y(z) = -z**3 - 4*z - 8. What is y(0)?
-8
Let a(x) = x**3 - 13*x**2 - 24*x - 90. Determine a(15).
0
Let g(l) = 31*l**3 - 2*l**2 + 1. Give g(1).
30
Let t(u) = 12*u**2 + 2*u + 3. Calculate t(-2).
47
Let b(y) = -y**2 + 9*y - 3. Calculate b(11).
-25
Let t(z) = -z**2 - 5*z + 145. Give t(9).
19
Let q(y) = -4*y - 14. Determine q(7).
-42
Let q(i) = -i**3 + 6*i**2 - 2*i + 17. What is q(6)?
5
Let b(i) = 92*i + 2. What is b(-1)?
-90
Let l(j) = j**2 + 20*j - 41. Calculate l(-22).
3
Let y(z) = z**2 - 39*z + 79. Give y(37).
5
Let o(q) = -2*q**2 - 64*q - 40. Determine o(-31).
22
Let w(b) = -2*b**2 - 5*b - 11. Calculate w(-2).
-9
Let f(z) = z**2 - 14*z - 19. What is f(14)?
-19
Let p(o) = -4*o - 20. Give p(-18).
52
Let m(n) = n**3 - 6*n**2 - 23*n - 41. Give m(9).
-5
Let o(q) = 20*q**2 - 164*q + 35. What is o(8)?
3
Let n(k) = -k**2 - 5*k - 2. Give n(-4).
2
Let x(y) = y**3 - 25*y**2 + y - 34. What is x(25)?
-9
Let u(p) = -p**2 + 16*p + 6. What is u(7)?
69
Let i(d) = d**3 - 14*d**2 - 2*d + 38. What is i(14)?
10
Let r(w) = -w**3 - 7*w**2 + 2*w + 5. Give r(-7).
-9
Let p(f) = -3*f - 41. Determine p(-14).
1
Let o(q) = q**2 + 17*q + 1. Give o(0).
1
Let p(m) = m + 20. Give p(-14).
6
Let i(d) = -4*d**2 - 3*d + 12. Calculate i(5).
-103
Let s(y) = 2*y**2 + 18*y + 30. Calculate s(-11).
74
Let r(y) = y**3 + y**2 - 3*y - 5. Give r(-3).
-14
Let t(f) = -f**2 - 41*f + 50. Determine t(-42).
8
Let n(i) = -2*i**2 + 17*i - 10. Give n(12).
-94
Let o(s) = 14*s - 138. What is o(12)?
30
Let z(t) = -44*t + 1. What is z(-1)?
45
Let o(k) = 17*k - 92. What is o(6)?
10
Let s(q) = -8*q. Give s(5).
-40
Let a(o) = o**2 + 6*o - 1. Give a(-6).
-1
Let b(n) = -13*n + 7. Calculate b(1).
-6
Let s(z) = 5*z**2 - 42*z + 8. Give s(8).
-8
Let f(w) = w - 2. Give f(-5).
-7
Let a(q) = -q**2 - 16*q - 9. What is a(-16)?
-9
Let f(a) = -a**2 + 6*a. Determine f(5).
5
Let m(c) = c**3 - 4*c**2 + 4*c + 1. What is m(3)?
4
Let r(d) = -3*d + 11. Give r(-5).
26
Let k(z) = -3*z**2 - 22*z - 20. Determine k(-9).
-65
Let d(t) = 5*t**2 - 20*t - 7. Calculate d(4).
-7
Let l(t) = 8*t + 99. Calculate l(-7).
43
Let x(w) = -8*w + 28. Calculate x(6).
-20
Let q(n) = -19*n + 2. Calculate q(-1).
21
Let z(k) = -2*k**3 + 15*k**2 - 3*k - 36. Determine z(7).
-8
Let n(f) = -11*f - 162. Calculate n(-15).
3
Let n(v) = -v**2 + 30*v - 203. Calculate n(9).
-14
Let d(i) = -7*i + 12. Determine d(-7).
61
Let q(j) = -j**2 + 3*j - 8. Determine q(11).
-96
Let t(r) = r**2 - 12*r - 54. Give t(16).
10
Let r(m) = m**2 + 26*m - 21. Give r(-24).
-69
Let o(d) = -d**2 - d + 7. Calculate o(-6).
-23
Let h(p) = -4*p - 94. Give h(-25).
6
Let g(y) = -2*y**2 + y + 8. What is g(3)?
-7
Let f(m) = 2*m - 4. What is f(-4)?
-12
Let z(y) = -12*y - 190. Give z(-17).
14
Let i(n) = -5*n**2 - n - 2. Give i(-1).
-6
Let f(m) = 47*m + 653. Give f(-14).
-5
Let v(a) = a**3 + 4*a**2 + 5*a + 2. What is v(-4)?
-18
Let v(j) = j**2 + 16*j + 16. Give v(-16).
16
Let x(w) = -w**3 + 5*w**2 + 2*w + 8. Give x(6).
-16
Let d(r) = 7*r + 3. Determine d(-4).
-25
Let h(k) = 14*k - 5. What is h(-4)?
-61
Let k(c) = -2*c**3 - 6*c**2 - 5*c + 1. What is k(-1)?
2
Let f(j) = -j**3 - 19*j**2 - 88*j - 5. Give f(-7).
23
Let u(o) = -7*o - 36. Give u(-14).
62
Let i(h) = -17*h + 209. Determine i(11).
22
Let c(q) = -q**3 + 6*q**2 - 2*q + 20. What is c(6)?
8
Let l(b) = -b**3 + 7*b**2 - 7*b - 7. Give l(5).
8
Let f(v) = -v + 14. Calculate f(16).
-2
Let x(s) = -7*s**3 + s**2 + 4*s - 3. What is x(2)?
-47
Let m(x) = 46*x**3 - 2*x**2 - 2*x - 1. What is m(-1)?
-47
Let n(j) = 8*j + 123. Determine n(-17).
-13
Let f(o) = -13*o - 2. What is f(-3)?
37
Let n(w) = w**2 - 3*w - 18. What is n(-4)?
10
Let v(s) = -s**3 + 19*s**2 - 36*s + 40. What is v(17)?
6
Let h(s) = 2*s**2 + 5*s + 3. Determine h(-4).
15
Let a(h) = -2*h**2. Give a(-2).
-8
Let z(i) = -i**3 - 3*i**2 + 3*i - 3. Determine z(-4).
1
Let h(i) = 9*i + 15. What is h(-2)?
-3
Let u(r) = -r**3 + 3*r**2 + 4*r - 3. Give u(4).
-3
Let k(u) = -23*u**3 + 2*u**2 - 2*